.
2
Suppose -24 = 2*m - 6*m. What is the remainder when 10 is divided by m/(0 - -1) + -2?
2
Suppose -3*j - 60 = -5*z + 4*z, 3*j = 0. Calculate the remainder when z is divided by 17.
9
Let m = -26 + 72. Calculate the remainder when 89 is divided by m.
43
Suppose -3*b - 3*t - 15 = 0, 2*t - 5 = 5*b + 13. Let j = b + 5. Calculate the remainder when j is divided by 1.
0
Let b(m) = 6*m**3 + 2*m + 7. Let u(w) = 5*w**3 - w**2 + w + 7. Let o(i) = 4*b(i) - 5*u(i). Calculate the remainder when 31 is divided by o(5).
7
Suppose -4*u - 47 - 37 = -3*v, 4*v - 81 = -5*u. What is the remainder when v is divided by 13?
11
What is the remainder when 1*2 + (-105)/(-3) is divided by 464/24 - 4/12?
18
Let a(h) = h**3 + 4*h**2 + 3*h. Let p be a(-3). Suppose -b = -2*s - p*b + 63, 64 = 2*s - 2*b. What is the remainder when s is divided by 11?
9
Let h(w) = w**2 - 2*w - 5. Let d be h(0). Let k = d - -20. Calculate the remainder when 29 is divided by k.
14
Suppose 5*i + 42 = 4*d, d - 4 = -2*i - 0*i. Let w = -12 + 19. Suppose 0 = 3*b - w*b - 3*r + 79, 5*b - 4*r = 122. Calculate the remainder when b is divided by d.
6
Let o(z) = z**2 + 1. Let w be o(1). Let h = -12 - -21. Let f = h + w. Calculate the remainder when f is divided by 6.
5
Suppose 27 = 5*k + 137. Let g = k - -32. Calculate the remainder when (-10)/15*(-351)/6 is divided by g.
9
Suppose 3*v - 4*x - 30 = 0, -6*x - 20 = -2*v - 2*x. Calculate the remainder when 27 is divided by v.
7
Suppose -9 = k + 3*p, -3*k + p - 3*p = -1. What is the remainder when 4 is divided by k?
1
Let w(k) = 7 - 32*k**2 + k**3 - k + 39*k**2 - 4. Calculate the remainder when 37 is divided by w(-7).
7
What is the remainder when 17 is divided by 162/30 + (-6)/15?
2
Let m = -12 - -29. Let h be (-1)/(-2)*(-21 - 1). Let i = m + h. Calculate the remainder when 16 is divided by i.
4
Let o(k) = -15*k. What is the remainder when 27 is divided by o(-1)?
12
Let h be 4/(-10) + 312/30. Suppose h = m + m. What is the remainder when 8 is divided by m?
3
What is the remainder when 5*(12/(-8))/(6/(-28)) is divided by 18?
17
What is the remainder when 20 is divided by 30/4 + 13/(-26)?
6
Let m(r) be the first derivative of r**4/4 - 5*r**3/3 - 5*r**2/2 - 2*r - 1. Calculate the remainder when m(6) is divided by 3.
1
Let y(z) = z**3 + 3*z**2 - 3*z. Suppose 5 = -5*p - 5, 2*w - 4*p - 2 = 0. Let j = 29 + -5. Calculate the remainder when j is divided by y(w).
6
Suppose 6*v - 2*v - 210 = 2*h, -5*v = 4*h - 269. Calculate the remainder when v is divided by 14.
11
Let c = 5 + 2. Let g = 1 + 1. Suppose -d = -g*d + c. Calculate the remainder when 13 is divided by d.
6
Suppose -3 + 33 = y. What is the remainder when 88 is divided by y?
28
Let w be 2/(0 - 2) + 10. Calculate the remainder when 33 is divided by (w/(-18))/((-1)/34).
16
Let n = -124 + 257. Let y = n + -47. What is the remainder when 8/20 - y/(-10) is divided by 5?
4
Suppose 2*x - 5*u + 10 - 52 = 0, -u = 4*x - 128. Suppose -4*w + x = -69. What is the remainder when w is divided by 9?
7
Let z(g) = -g + 22. What is the remainder when 2/4 - (-41)/2 is divided by z(16)?
3
Calculate the remainder when 83 is divided by 261/18*(2 + 0).
25
Suppose 2*h + 9 = 3*z, 4*z + 6 - 18 = -3*h. Suppose -4*m + 56 = n, -4*m + 0*m + 5*n = -80. What is the remainder when -28*(1 + h)/(-1) is divided by m?
13
Suppose -34 = -2*k + 5*j, 2*k = j + 16 + 34. Calculate the remainder when 78 is divided by k.
24
Suppose 0 = -5*r - 30 + 115. What is the remainder when 31 is divided by r?
14
Suppose 3*c - 4*n = 4*c - 76, 0 = -3*n - 6. Calculate the remainder when c is divided by 30.
24
Suppose -6 = -k - 2. Suppose 6 = k*y + 2*r + 2, -2*r - 4 = 0. Calculate the remainder when 10 is divided by (-3)/(-2)*(4 - y).
1
Let j = -21 - -105. What is the remainder when j is divided by 31?
22
Suppose -2*t = 3*g - 116, 21 = 4*g - 3*t - 111. Calculate the remainder when g is divided by 19.
17
Let n = -22 - 9. Let i = -2 - n. What is the remainder when 113 is divided by i?
26
Suppose 12*d - 5*d = 84. What is the remainder when 22 is divided by d?
10
Let g(w) = -w - 1. Let q be g(6). Let m(a) = -a**3 - 8*a**2 - 9*a + 9. Let r be m(q). Let p = r + -1. Calculate the remainder when 64 is divided by p.
20
Suppose 2*s + 44 = 3*s - d, -167 = -4*s - 5*d. What is the remainder when s is divided by 11?
10
Suppose -l = -29 - 15. What is the remainder when l is divided by (0 + 15)/(-2 - -3)?
14
Calculate the remainder when 128 is divided by (102/(-24))/(2/(-16)).
26
Let n(v) = v**3 - 6*v**2 + 10*v - 7. Calculate the remainder when n(5) is divided by 10.
8
Let x(b) = -b**2 + 6*b + 4. Let j be (10/8)/(4/16). Suppose 0 = -3*y + 3*o + 36, 54 = -4*y + 6*y + 4*o. What is the remainder when y is divided by x(j)?
8
Let y(o) = 5*o**2 - 4*o + 2. Let d be y(4). Suppose 5*n - 3*n - d = 0. What is the remainder when 65 is divided by n?
32
Suppose 0 = -2*a + 6*a - 52. Let p = 12 - 7. Calculate the remainder when a is divided by p.
3
Suppose q - 5*v = 33, 4*q + q - 5*v = 65. What is the remainder when 39 is divided by q?
7
Let d(y) be the first derivative of y**4/4 + 5*y**3/3 + y**2/2 + 7*y - 1. Let p be d(-5). Suppose -1 = -p*k + 3. Calculate the remainder when 3 is divided by k.
1
Let n(j) = j**2 - 8*j - 26. What is the remainder when n(11) is divided by 4?
3
Suppose 2*j = -i + 169, 3*j + 3*i - 422 = -2*j. Calculate the remainder when j is divided by 22.
19
Let s = -55 + 75. What is the remainder when 37 is divided by s?
17
Let o be (-2)/7 + 16/7. Let z(m) = 2*m + 5 + o*m**3 - m**3 - m. What is the remainder when 9 is divided by z(0)?
4
Suppose -190 = -13*m + 70. What is the remainder when 58 is divided by m?
18
Let i = 361 + -89. Suppose 8*j = 7*j + 12. What is the remainder when (-1)/(-3) + i/12 is divided by j?
11
Suppose -4*b + b = -39. Suppose g = -4*g + 580. Let p = g + -79. Calculate the remainder when p is divided by b.
11
Suppose 27 = -10*x + 7*x. Let k = -3 - x. Calculate the remainder when 11 is divided by k.
5
Suppose 0 = 4*c + 5 - 1. What is the remainder when 52 is divided by c/1 - (-14 + -5)?
16
Let q = -35 - -51. Let d = 4 + -1. What is the remainder when 3*(13 + d + -6) is divided by q?
14
Suppose 3*t = 12, -2*t = m - 15 - 10. Suppose 0*y + 12 = 2*y. What is the remainder when m is divided by y?
5
Suppose 3*o - 2*o = -2. Let b = 3 - o. Suppose x + 61 = 4*q - 44, 4*x = b*q - 134. Calculate the remainder when q is divided by 7.
5
Let q(s) = s**3 + 9*s**2 + 8*s + 7. Let g be q(-7). Let i = 1 + g. Calculate the remainder when i is divided by 17.
16
Suppose 3*d + 2 = -5*w - 23, 0 = -3*d - 2*w - 37. Let a(i) = -i - 7. Let h be a(-6). Let o = h - d. Calculate the remainder when 27 is divided by o.
13
Suppose -7 = 3*q - 52. Calculate the remainder when 58 is divided by q.
13
Let d be (5 - -13)*(-2)/(-3). Suppose 2*j + 9*p - 9 = 4*p, 5*j + 2*p = d. Calculate the remainder when j is divided by 2.
0
Calculate the remainder when 5 is divided by (9*1)/((-30)/(-10)).
2
Suppose 6*k = k - 5. Let d(o) = 4*o**2 + 2*o + 1. Let l be d(k). Suppose 2*c = -l*c + 90. Calculate the remainder when c is divided by 10.
8
Let h = 26 + 16. Suppose 3*d = h + 18. Calculate the remainder when 59 is divided by d.
19
Let o(z) = 2*z + 7. Let m(g) = -7*g - 2. Let d be m(-2). Calculate the remainder when 121 is divided by o(d).
28
Let q = -4 - -8. Suppose -d - q*d - 135 = 0. What is the remainder when 6/d + (-526)/(-18) is divided by 10?
9
Suppose -2*r = 3*r - 55. Let v = -11 + 15. What is the remainder when r is divided by v?
3
Suppose -2*o + o = -5. What is the remainder when 21 + (2 - (1 + 4)) is divided by o?
3
Suppose 25 = -a + 2*a. What is the remainder when 98 is divided by a?
23
Let f be (2 - 1)*-4 - 5. Let x = -3 - f. What is the remainder when x is divided by 4?
2
Suppose 2*w - 8*w + 18 = 0. Calculate the remainder when 7 is divided by w.
1
Suppose 0 = -n - n - 42. What is the remainder when (-2)/7 + (-1476)/n is divided by 24?
22
Let k = 186 - 124. Calculate the remainder when k is divided by 13.
10
Let s(f) = -f**2 - 5*f + 14. Calculate the remainder when 23 is divided by s(-6).
7
Suppose 5*z + 3*o = 166, 0 = -2*z + 2*o + 29 + 31. Calculate the remainder when 125 is divided by z.
29
Let h(q) = -q - q + 0*q - 1 + 4*q**2. Let f be h(-1). Let r = -4 + f. Calculate the remainder when 1 is divide